 30 = 0. Let i(o) be the second derivative of o**4/12 - 7*o**3/6 + 7*o**2/2 + o. Calculate i(a).
1
Let s(c) = -c + 10. Let l be s(7). Let z(n) = -n**3 - 27 + 23 - 11*n**2 + 5*n + 12*n**2. Calculate z(l).
-7
Let r(b) be the first derivative of -b**3/3 + b**2/2 + b + 10. What is r(0)?
1
Let t be (4/6)/(10/45). Let w(h) = 7*h + 2*h**2 - t*h - h - h - 1. Suppose -u - 14 + 16 = 0. Calculate w(u).
11
Let r(c) = -2*c + 0*c + 4*c. Let v = 0 - -3. Let x = -8 + v. Calculate r(x).
-10
Let v = 0 - 18. Let k be (-2)/12 + 33/v. Let w(f) = -3*f - 2. Give w(k).
4
Let q(d) = -37*d - 5. Let b(a) = -49*a - 6. Let h(x) = -3*b(x) + 4*q(x). Calculate h(-7).
5
Let y(g) be the first derivative of g**7/840 - g**6/60 + g**5/120 - 5*g**4/24 - 2*g**3 - 24. Let s(f) be the third derivative of y(f). Calculate s(6).
1
Let u(z) = 3*z**3 + 15*z**2 - 10*z - 8. Let y(c) = 2*c**3 + 14*c**2 - 10*c - 8. Let x(q) = 3*u(q) - 4*y(q). Determine x(10).
8
Let d(o) = o**3 + 4*o**2 + 2*o - 1. Suppose 18 = 2*a - 0*i - 4*i, 0 = -a - 3*i - 6. Suppose 8*h - a = 9*h. Calculate d(h).
2
Let k(a) be the second derivative of a**5/20 - 2*a**4/3 + 2*a**3/3 - a**2/2 + 40*a. Determine k(3).
-34
Let x = 17 - 14. Let m(b) = 6*b - 4. Let h(u) = -u. Let z be h(5). Let r(g) = 7*g - 4. Let o(y) = z*r(y) + 6*m(y). What is o(x)?
-1
Suppose -86 = 6*a - 98. Let b(y) be the first derivative of 9 + 0*y**a - 4*y - 1/3*y**3 - 1/4*y**4. What is b(0)?
-4
Let l(k) = -k**3 + 3*k**2 + 7*k - 5. Let v be (-5)/30 - 59/6. Let z = -7 - v. Suppose -z*i = -4*f + i + 4, -5*i = -f - 11. Determine l(f).
7
Let p(n) = 10*n - n + 2*n + 990*n**2 - 991*n**2 + 13. Determine p(12).
1
Suppose -5*a + 2*y + 2*y = -14, -9 = -4*a + y. Let t be ((-5)/2 - -3)/(3/12). Let c(w) = -2*w + 2*w + t - 1 - 4*w. Give c(a).
-7
Let d(g) = -g**3 + 2*g**2 + 7*g + 9. Let v be d(-2). Let n(b) = -2*b + 24. Determine n(v).
2
Suppose -7 = -5*l + 13. Let b(g) be the second derivative of -g**2 + 1/3*g**3 + 0 + 5*g. What is b(l)?
6
Let w(k) = -17*k**2. Let x(g) = -35*g**2. Let h(u) = 13*w(u) - 6*x(u). Let t = -7 - -9. Suppose 0*a = -2*a - t. Give h(a).
-11
Let c(y) = 7*y**2 - y + 14. Let p(x) = 26*x**2 - 4*x + 54. Let b(o) = -23*c(o) + 6*p(o). Let k be -2 - (-1 + 0 - -1). What is b(k)?
-16
Suppose 545 = 94*b - 113. Let z(l) = -4*l - 7. Give z(b).
-35
Let i(h) = h**2 - 4*h + 3. Suppose 0 = 5*g + 4*y + 6, g - 5*g - 4*y = 8. Give i(g).
-1
Let k(b) = -4*b - 2. Let c be (-172)/14 + 6/21. Let i be 50/c - 1/(-6). Give k(i).
14
Let i(x) be the second derivative of -x**5/20 - 7*x**4/12 - 7*x**3/6 - 9*x**2/2 - 7*x. Let v = -11 + 12. Let y be v*7/((-21)/18). Determine i(y).
-3
Let q be 2/(-5) + 1424/(-40). Let v = -43 - q. Let n(d) = -d**3 - 7*d**2 + d + 5. Determine n(v).
-2
Let b(j) = j**3 - 8*j**2 + 6*j + 4. Let f be b(7). Let z(g) = g**2 + 2*g + 4. Give z(f).
7
Let f be 1 - (7 - 0/1). Let j(p) be the third derivative of p**7/2520 + p**6/240 - 2*p**5/15 - 3*p**2. Let w(u) be the third derivative of j(u). Determine w(f).
-9
Let k(z) be the third derivative of -z**6/120 - z**5/15 - z**4/24 + 2*z**3/3 - z**2. Suppose -59*v + 64*v - x = -12, 3*x + 24 = 0. Determine k(v).
8
Let b(d) = d + 6. Let u be 10 + (4 - (-56)/(-8)). What is b(u)?
13
Let j(y) = 13*y - 2. Let q be -6*(4/22 + 133/(-66)). Let x(h) be the second derivative of h**3 - h**2/2 + h. Let c(s) = q*x(s) - 6*j(s). What is c(-1)?
13
Let z = 19 - 15. Suppose -a - 3*a = 4*k - 16, z*a - 8 = 0. Suppose -k*s = -1 - 9. Let b(o) = o**3 - 6*o**2 + 4*o + 1. Give b(s).
-4
Let u(g) = -g**3 + 4*g**2 - g. Let m be u(3). Let t(s) be the third derivative of s**4/24 - s**3/3 + 12*s**2. Calculate t(m).
4
Let v = -8 + 13. Let o(y) = y - 17. Let n(f) = -6. Let c(u) = -2*n(u) + o(u). Give c(v).
0
Let s(q) be the third derivative of 0 + 31*q**2 + 0*q - 1/24*q**4 - 7/3*q**3. Give s(-10).
-4
Let h(b) = 175 - 5*b - 188 + 4*b. Determine h(-10).
-3
Let h(l) = 3*l - 6. Let s(m) = -6*m + 13*m + 3 - 8*m - m. Let d(y) = 3*h(y) + 5*s(y). Determine d(6).
-9
Let h(t) be the second derivative of t**3/2 - 5*t**2/2 + 438*t. Determine h(2).
1
Suppose 87 = 3*t - 4*o + 2, 4*t - 5*o = 115. Suppose 4*q = -11 + t. Let r(h) be the second derivative of -h**4/12 + 4*h**3/3 - 4*h**2 + 4807*h. What is r(q)?
4
Let q(u) be the third derivative of -u**4/24 - 5*u**3/6 - 51*u**2 + u. Calculate q(5).
-10
Suppose -2*z = -0*z - 3*x - 15, -5*z = 2*x - 47. Suppose -34*p + 37*p = -z. Let v(f) = f**3 + 2*f**2 - f. Calculate v(p).
-6
Let q = -2 + 24. Let y = q + -18. Let b(x) = -x**2 - x + 3. What is b(y)?
-17
Let h(a) = a**2 - 15*a - 23. Let t be 3024/176 + (-2)/11. Give h(t).
11
Let l(d) = d**2 + 24*d + 145. Let o be l(-11). Let f(n) be the third derivative of 0*n + 1/20*n**5 + 2*n**o - 1/3*n**3 + 0*n**4 + 0. Determine f(-2).
10
Let b(i) = -i**3 + 8*i**2 + 8*i + 9. Suppose 55*l - 9 = 54*l. Determine b(l).
0
Let y be (-72)/(-30) + 1*6/(-15). Let i(k) = -k**2 + 2*k**y - 9*k + 11 - 1. Calculate i(7).
-4
Let v(z) be the third derivative of -z**6/720 - z**5/15 + z**4/8 + 11*z**2. Let m(k) be the second derivative of v(k). What is m(-6)?
-2
Let o(j) be the first derivative of j**6/120 + j**5/20 - j**4/24 - j**3/6 - 17*j**2/2 - 9. Let l(f) be the second derivative of o(f). Give l(-3).
2
Let l(t) be the third derivative of -t**6/120 + 3*t**5/20 - t**4/24 + 13*t**3/6 - 150*t**2. Calculate l(9).
4
Let p be (124/12)/((-1)/(-3)). Suppose -2*l - 3*u + 4*u = -p, 100 = 5*l + 2*u. Let g be l + -16 - 8/2. Let d(f) = -7*f. Calculate d(g).
14
Let n(q) = q**3 - 5*q**2 + 3*q - 1. Suppose -2*o - 7 - 5 = 0. Let t = o - -12. Suppose -i + 5*x = t, -3*i + 4*x = -3 - 1. Give n(i).
-5
Suppose 20 = -3*v + 7*v. Let k = v - 2. Suppose 6 = -2*n + k*f - 0, n + 3 = 5*f. Let s(z) = z**2 + 2*z + 1. Determine s(n).
4
Let a(d) = d. Let u(j) be the second derivative of j**3/2 + 5*j**2/2 - 30*j. Let f(g) = -4*a(g) + u(g). Give f(3).
2
Let v(l) = -2*l. Let r be v(2). Suppose -4*x - z = 2 - 7, -5*z = 15. Let t(m) = -m**2 + 2*m**2 + 6*m**x - 3 - 3*m**2 + m**3 - m. Calculate t(r).
1
Let o(a) = -2*a - 2. Suppose 2*z + 4*k - 26 = -z, 2*z + 4*k = 24. Suppose z*d + d = t + 10, d + 3*t = -10. Suppose -c + 0 = 1, 5*c + d = m. Give o(m).
4
Let n = -209 - -206. Let l(q) = -2*q**2 - 5*q - 4. Give l(n).
-7
Suppose -15*h + 13*h = -8. Let s be 0/((-4)/(h/1)). Suppose -4 = -z - 3*n, s = -2*z + 3*n + 5 + 3. Let q(l) = l**3 - 3*l**2 - l - 3. What is q(z)?
9
Let a be (0 + -6)*((-1853)/102 + 18). Let f(b) = 2*b**3 - 3*b**2 + 2*b + 2. What is f(a)?
3
Let p = -1201 + 1195. Let i(l) = -6*l + 8. Give i(p).
44
Let g(x) be the first derivative of x**4/4 + 2*x**3 + 5*x**2/2 - 2*x - 149. Suppose -2*w - i - 8 = 0, 5*i = -w + 2*w + 4. Give g(w).
10
Let u(w) = -w + 2. Let r(h) = -2*h - 12. Let j(a) = r(a) + 2*u(a). What is j(-7)?
20
Let g(c) be the third derivative of 1/10*c**5 + 1/120*c**6 + 0*c + 0 - 5/6*c**3 + 18*c**2 + 1/12*c**4. Give g(-5).
10
Suppose -q - 46 = 2*q + 4*w, 5*w + 26 = -2*q. Let y be 18/(-27)*q/4. Let a(f) = -f**3 + 0*f**3 - 1 - y*f**3 - 3*f**2 + 5*f**2. Give a(-1).
5
Let r(o) be the first derivative of o**3/3 + o**2 + o - 14. Let a be r(-2). Let k(x) = 14*x**3 + x**2 - x. Give k(a).
14
Let d(u) be the second derivative of -u**3/6 + 8*u**2 - 9*u. What is d(19)?
-3
Let a(k) = 14*k - 14. Let z(s) = -5*s + 5. Let m(x) = 6*a(x) + 17*z(x). Suppose -8*d - 5*j - 10 = -3*d, -3 = j. What is m(d)?
0
Let x(k) be the second derivative of 5*k**3/6 - k**2 + 138*k - 1. Calculate x(4).
18
Let z(x) be the first derivative of x**2/2 - 243. Determine z(-2).
-2
Let n(t) = t**3 + 7*t**2 + t + 9. Let m(z) = z**2 - 2*z + 1. Let c be m(-2). Suppose -5*j = -4*j - 16. Let w = c - j. Determine n(w).
2
Let r(x) = -3*x + 41. Let d(l) = -l**3 - 2*l**2 + 7*l + 7. Let m be d(-4). Let z be r(m). Let o(n) = -n**2 + 7*n + 6. Determine o(z).
-2
Let w = 15 - 8. Let s be 8 + -4 + 0 + (-20)/10. Suppose -s*z - 12 = -4*a, w*a - 2*a - 15 = -3*z. Let x(y) = y**3 + y**2 - y + 4. Determine x(z).
4
Let w(t) = -8*t**2 - 2*t - 1. Suppose -5*v - 2*g + 15 = -5*g, 10 = v - 2*g. Suppose v = 24*b - 29*b - 5. Calculate w(b).
-7
Let h(u) be the first derivative of -3*u**2 + 3*u - 19. Calculate h(2).
-9
Let f(y) be the third derivative of -y**6/720 - y**5/40 - y**4/8 - 8*y**2. Let i(t) be the second derivative of f(t). Let p be (1 + 9)/(1 + -3). What is i(p)?
2
Let q(b) be the